384.
24
Let o(h) = -6*h - 45. Let p be (3 - (-1 + 3))*-9. Let v be o(p). Let k(n) = 37*n**2 - 2*n + 1. Let r be k(1). Calculate the greatest common divisor of v and r.
9
Suppose -20 = -4*f + 28. Suppose 5*j + f = 2*m - m, 4*m - 4*j - 80 = 0. What is the highest common factor of 44 and m?
22
Let o = -1210 - -1703. Calculate the greatest common divisor of o and 87.
29
Let g(k) = 1004*k + 64. Let m be g(5). What is the highest common divisor of m and 164?
164
Let x(g) = g**2 - 5*g. Let f(c) = -6*c. Let q(h) = -4*f(h) + 5*x(h). Let m be q(3). Suppose -78 = -4*k + m. Calculate the greatest common factor of k and 75.
15
Suppose 11*y - 459 = -96. Calculate the highest common divisor of y and 88.
11
Suppose -l - 4*l = -90. Let t(z) = 5*z**2 + 2*z - 2. Let j be t(3). Suppose b + j = 193. What is the highest common factor of l and b?
18
Let j(k) = -3*k - 7. Let a = 25 + -39. Let l be j(a). Calculate the highest common divisor of l and 14.
7
Suppose 3*i - 4*i = -2*q - 10, q = 3*i - 25. Let c(l) = l - 11. Let h be c(i). Let n be h/(-2)*(-330)/(-45). Calculate the highest common divisor of n and 1.
1
Suppose -11*m + 13*m + 3*r - 26 = 0, 36 = 2*m - 2*r. What is the greatest common divisor of 16 and m?
16
Let u be 9/(-3) + (-192)/(-4). Let j be (-2)/(-15) + 2469/u + -1. Calculate the greatest common divisor of j and 6.
6
Let y = 334 + -246. What is the highest common factor of 24 and y?
8
Let c be 2/10*857 - (-2)/(-5). Calculate the highest common divisor of c and 9.
9
Let j(r) = -40*r. Let u be j(-3). Suppose -10 = -2*p - c + 17, 21 = p - 2*c. What is the highest common factor of p and u?
15
Suppose 5*l + 3*z - 30 = 4*l, 4*z = -5*l + 172. What is the highest common factor of 27 and l?
9
Let c = -68 + 136. Let m be ((-2)/(-4))/((-3)/6) + 1. Suppose h + 3 - 20 = m. What is the greatest common factor of h and c?
17
Let z be (-3)/(-8 + 11) + 172. What is the highest common factor of z and 76?
19
Let k = -26 + 74. Let n = -3 + k. Suppose 15*s - 41*s = -130. What is the greatest common divisor of n and s?
5
Suppose 3*f + 4*v - 51 = 7*v, -f + 42 = 4*v. Calculate the greatest common divisor of 352 and f.
22
Let v(j) = j**2 - 4*j - 6. Let d be v(6). What is the greatest common divisor of 3 and d?
3
Let y = 162 + -102. Calculate the greatest common divisor of y and 8.
4
Suppose 22*p - 11660 - 1408 = 0. What is the greatest common divisor of 66 and p?
66
Let p(b) = 4*b + 2. Let v be p(3). Let z be (-19)/((-57)/(-6)) + 8. What is the highest common factor of z and v?
2
Let j(v) = 6*v**2 - 5*v + 6. Let b be j(-6). Suppose -4*k = -7*k + b. Let n = -23 - -35. What is the highest common factor of k and n?
12
Let m(b) = 16*b + 96. Let a be m(-5). What is the highest common divisor of 112 and a?
16
Let s be (-390)/(-33) + (-82)/(-451). What is the highest common divisor of s and 198?
6
Let g = 41 - 23. Suppose 5*p - 249 = 21. Suppose 2*u = 5*u - p. Calculate the highest common divisor of g and u.
18
Suppose 70 = -23*c + 25*c. What is the greatest common factor of 49 and c?
7
Let p(o) = 5*o. Let s be p(1). Let x(w) = -w**3 + 9*w**2 - 8*w - 3. Let i be x(8). Let z be 34/1 + (-3)/i. Calculate the greatest common divisor of s and z.
5
Let m(a) = a**3 - 6*a**2 - 5*a - 7. Suppose -2*z = -6*z + 28. Let q be m(z). Calculate the greatest common divisor of q and 7.
7
Let g(r) be the second derivative of r**3/6 + 6*r**2 - 7*r. Let t be g(0). What is the greatest common divisor of 8 and t?
4
Let t(n) = -2*n**3 + 25*n**2 + 17*n - 15. Let p be t(13). What is the greatest common divisor of 111 and p?
37
Let v(a) = -a**2 - 6*a + 20. Let n be v(-7). Suppose 8*y - n*y = -40. Calculate the highest common divisor of 16 and y.
8
Suppose 0*t = 4*t - 4*x - 5696, 4*t - 2*x - 5694 = 0. Let m = -685 + t. Suppose l - b = 150, 3*l = -2*l + b + m. What is the highest common factor of 21 and l?
21
Let i(w) = 7*w - 31. Let h(a) = 28*a - 125. Let n(t) = -2*h(t) + 9*i(t). Let p be n(12). Calculate the greatest common divisor of p and 5.
5
Let f be (-1)/4 + (-946)/(-8). Let g = f + -77. Suppose 0 = 6*x - g - 1. What is the highest common factor of 7 and x?
7
Let r(g) = g**3 + 16*g**2 + 12*g + 20. Let c be r(-15). Suppose -c*j + 136 = -63*j. Calculate the highest common factor of j and 17.
17
Suppose -4*k = 3*c - 61, 79 = 4*c + 3*k - 0. Calculate the highest common divisor of c and 247.
19
Let r(c) = c**3 + 12*c**2 + 6*c + 14. Let w be r(-11). Calculate the highest common factor of w and 23.
23
Suppose 3*t + 12 = 5*t. Suppose 130 = -k + t*k. Suppose -3*p + k = 4*m + m, m = 4*p - 4. Calculate the highest common factor of 2 and m.
2
Let j = 30 - -84. Let l = 65 + -100. Let n be 6/4 - l/2. Calculate the greatest common divisor of j and n.
19
Let k = -109 - -197. Suppose 4*c = -0*c + k. Calculate the greatest common divisor of 55 and c.
11
Let p be -1 - (0 + (-14)/1). Suppose -o - p = -2*f, 0*f + 2*o = -3*f + 30. Let v be (-1)/((-6 + 2)/f). Calculate the greatest common factor of 14 and v.
2
Suppose 5*l = l + 72. Suppose 0 = -2*k + k - 4, 1768 = 3*j + 2*k. Suppose j = 5*t - 398. What is the greatest common divisor of l and t?
18
Let d = -9 + 123. What is the highest common factor of d and 6?
6
Suppose -2*o + 89 = -251. Suppose g - 3*j - 26 = 0, -5*g + o - 6 = 2*j. Suppose -2*w - 12 = -g. Calculate the highest common factor of 10 and w.
10
Let j be ((-4)/(-6))/((-17408)/2904 + 6). Calculate the greatest common divisor of 484 and j.
121
Let d = 10 + -6. Let r(x) = -5*x**2 + d + 3*x**2 + 0*x**2 + 3*x**2. Let u be r(0). What is the highest common divisor of 8 and u?
4
Suppose -5*n - 303 = -853. Suppose -329 - 215 = -4*s. Let d = -126 + s. What is the highest common factor of n and d?
10
Suppose 0 = 6*f - 2 - 82. Let i = -153 - -307. What is the greatest common factor of f and i?
14
Suppose -11*s = -12*s + 5. Let b be -9*s/(-30)*22. What is the highest common divisor of 132 and b?
33
Suppose -141*p = 427*p - 18176. Suppose 0 = 5*t + 3*g - 1, 0*t = 3*t - 2*g - 12. Let f be 1 - t*47/(-2). Calculate the greatest common divisor of p and f.
16
Let c(d) = -d**2 + 16*d + 3. Let g be c(16). Suppose -g*x - 36 = -3*m - 0*x, -x = 3. What is the greatest common factor of 9 and m?
9
Let f = 111 - 161. Let t be (-3 - f*2) + 1. Calculate the greatest common divisor of 14 and t.
14
Let l(h) = 16*h + 4 + 8*h + 2*h + 15*h. Let x be l(5). What is the highest common factor of x and 19?
19
Let k(y) = 9 - 22 + 10 - 5*y. Let z be k(-3). Suppose c - 9 = -h, -2*c + 3*c - z = -2*h. Calculate the greatest common divisor of c and 15.
3
Suppose -l = -3*l + 28. Let i(h) = h + 8. Let k be i(-6). Suppose -2*z - 2*t = 4, -5*z - 2*t = k*t + 6. Calculate the greatest common factor of z and l.
2
Let i = -120 + 115. Let g be (-10 - -2)*(i + 52/16). What is the greatest common factor of 2 and g?
2
Suppose l + w = -24 - 11, -2*l - 3*w = 75. Let f = 22 - l. What is the greatest common divisor of f and 13?
13
Let z(k) = -k. Let s be z(5). Let o(w) = -10*w - 7. Let h be o(s). Let b = h + -13. What is the highest common factor of 45 and b?
15
Let b(y) = -y**3 + 15*y**2 - 2*y + 8. Let x be b(15). Let h = x - -30. Let l = 5 - 3. Calculate the greatest common divisor of l and h.
2
Suppose -2*c - 38 = t, 2*c - 30 = -4*t + 5*t. Let z = t + -10. Let d = -23 - z. Calculate the greatest common divisor of 147 and d.
21
Suppose 5*w + b = 13, 3*b - 6 = -5*w + 13. Let k(f) = 31*f**2 + 2. Let v be k(w). Suppose 0 = -3*j + 2*j + 14. What is the greatest common divisor of j and v?
14
Let v(l) = -l**3 - 5*l**2 + l + 8. Let s be v(-5). Suppose 3*z + s*z - 54 = 0. Calculate the highest common divisor of z and 12.
3
Suppose j + 2*q - 57 = q, 2*q + 191 = 3*j. What is the greatest common factor of 3721 and j?
61
Let g = 961 + -934. Let s(f) = 2*f**2 + 2*f + 3. Let t be s(3). What is the greatest common factor of g and t?
27
Suppose -20*l = 13*l. Let k = -4 - -11. Suppose l = q + 1 - k. Calculate the highest common divisor of 18 and q.
6
Let o be (-120)/18 + (-2)/(-3). Let q be (o + -3)*(-2)/2. Suppose -a + 73 = d + 4*d, 3*a = q. What is the highest common factor of 2 and d?
2
Suppose 16*g - 2400 = -24*g. Calculate the greatest common divisor of g and 45.
15
Let d(k) = 31*k**3 + 3*k - 2. Let f be d(1). Calculate the highest common factor of 32 and f.
32
Let u(y) = 5*y**2 + 15*